0715265 is divided by 2404.
2401
What is the remainder when 224101 is divided by 514?
511
Calculate the remainder when 62303 is divided by 12.
11
What is the remainder when 4106 is divided by 40?
26
Calculate the remainder when 27305 is divided by 761.
670
What is the remainder when 29483 is divided by 842?
13
Calculate the remainder when 24726 is divided by 14.
2
Calculate the remainder when 6277 is divided by 110.
7
Calculate the remainder when 19285 is divided by 4562.
1037
What is the remainder when 739 is divided by 154?
123
Calculate the remainder when 82978 is divided by 26.
12
Calculate the remainder when 445876 is divided by 1664.
1588
What is the remainder when 694 is divided by 348?
346
Calculate the remainder when 20772 is divided by 712.
124
Calculate the remainder when 1822 is divided by 258.
16
What is the remainder when 77525 is divided by 382?
361
What is the remainder when 5676 is divided by 5671?
5
What is the remainder when 5879410 is divided by 909?
907
Calculate the remainder when 171531 is divided by 922.
39
What is the remainder when 60108 is divided by 100?
8
What is the remainder when 66578 is divided by 13290?
128
Calculate the remainder when 11918 is divided by 29.
28
Calculate the remainder when 1696 is divided by 430.
406
Calculate the remainder when 13297 is divided by 135.
67
What is the remainder when 1717 is divided by 530?
127
Calculate the remainder when 14090 is divided by 348.
170
Calculate the remainder when 52623 is divided by 299.
298
What is the remainder when 82408 is divided by 1499?
1462
Calculate the remainder when 2344 is divided by 1339.
1005
Calculate the remainder when 45190 is divided by 84.
82
What is the remainder when 61046 is divided by 37?
33
Calculate the remainder when 5353 is divided by 119.
117
What is the remainder when 40321 is divided by 2679?
136
Calculate the remainder when 147754 is divided by 139.
136
Calculate the remainder when 1443 is divided by 44.
35
What is the remainder when 11590 is divided by 305?
0
What is the remainder when 34342 is divided by 8579?
26
Calculate the remainder when 3970 is divided by 138.
106
What is the remainder when 64488 is divided by 464?
456
Calculate the remainder when 1374273 is divided by 218.
1
Calculate the remainder when 21936 is divided by 7295.
51
What is the remainder when 3688 is divided by 3588?
100
What is the remainder when 307239 is divided by 753?
15
Calculate the remainder when 14063 is divided by 276.
263
What is the remainder when 1222 is divided by 110?
12
What is the remainder when 39498 is divided by 297?
294
Calculate the remainder when 2037 is divided by 1217.
820
Calculate the remainder when 1945799 is divided by 828.
827
Calculate the remainder when 13155 is divided by 4369.
48
Calculate the remainder when 1990 is divided by 30.
10
Calculate the remainder when 14230 is divided by 1282.
128
What is the remainder when 18284 is divided by 289?
77
What is the remainder when 2086 is divided by 328?
118
Calculate the remainder when 30725 is divided by 52.
45
Calculate the remainder when 682 is divided by 418.
264
What is the remainder when 630 is divided by 532?
98
Calculate the remainder when 677249 is divided by 70.
69
What is the remainder when 3045 is divided by 1511?
23
What is the remainder when 772436 is divided by 410?
406
Calculate the remainder when 180723 is divided by 139.
23
What is the remainder when 1461412 is divided by 746?
744
What is the remainder when 41513 is divided by 19?
17
What is the remainder when 11359761 is divided by 87?
84
Calculate the remainder when 94451 is divided by 18881.
46
Calculate the remainder when 26416 is divided by 81.
10
Calculate the remainder when 118 is divided by 90.
28
Calculate the remainder when 48556 is divided by 3466.
32
Calculate the remainder when 3175015 is divided by 389.
386
Calculate the remainder when 555079 is divided by 46256.
7
Calculate the remainder when 45365 is divided by 2519.
23
Calculate the remainder when 109889 is divided by 66.
65
Calculate the remainder when 29037 is divided by 63.
57
What is the remainder when 90351 is divided by 217?
79
What is the remainder when 8567 is divided by 430?
397
Calculate the remainder when 10798 is divided by 10745.
53
Calculate the remainder when 183 is divided by 117.
66
What is the remainder when 5194 is divided by 431?
22
What is the remainder when 2587 is divided by 2288?
299
What is the remainder when 5427 is divided by 557?
414
Calculate the remainder when 20822 is divided by 152.
150
What is the remainder when 182138 is divided by 1839?
77
Calculate the remainder when 6739 is divided by 583.
326
Calculate the remainder when 7421 is divided by 232.
229
Calculate the remainder when 4466 is divided by 4453.
13
Calculate the remainder when 57476 is divided by 97.
52
Calculate the remainder when 46078 is divided by 485.
3
Calculate the remainder when 593337 is divided by 930.
927
Calculate the remainder when 12339 is divided by 294.
285
Calculate the remainder when 15243 is divided by 1384.
19
What is the remainder when 2046 is divided by 123?
78
What is the remainder when 66550 is divided by 65?
55
Calculate the remainder when 31627 is divided by 20.
7
What is the remainder when 502 is divided by 139?
85
Calculate the remainder when 51702 is divided by 202.
192
What is the remainder when 5575 is divided by 622?
599
Calculate the remainder when 16676 is divided by 5539.
59
What is the remainder when 14111 is divided by 1171?
59
What is the remainder when 540242 is divided by 621?
593
What is the remainder when 45672 is divided by 448?
424
What is the remainder when 7110 is divided by 3527?
56
Calculate the remainder when 27054 is divided by 27039.
15
Calculate the remainder when 7070 is divided by 25.
20
Calculate the remainder when 2003903 is divided by 179.
177
What is the remainder when 150277 is divided by 520?
517
Calculate the remainder when 8368 is divided by 812.
248
Calculate the remainder when 1178 is divided by 603.
575
Calculate the remainder when 343561 is divided by 13.
10
What is the remainder when 8073 is divided by 95?
93
Calculate the remainder when 1238172 is divided by 176.
12
Calculate the remainder when 367 is divided by 287.
80
What is the remainder when 188490 is divided by 84?
78
Calculate the remainder when 67579 is divided by 299.
5
What is the remainder when 64447 is divided by 3?
1
Calculate the remainder when 6058 is divided by 1846.
520
What is the remainder when 48421 is divided by 781?
780
What is the remainder when 6211 is divided by 365?
6
Calculate the remainder when 577 is divided by 187.
16
Calculate the remainder when 2497 is divided by 634.
595
Calculate the remainder when 20555 is divided by 374.
359
What is the remainder when 29324 is divided by 81?
2
Calculate the remainder when 552605 is divided by 224.
221
What is the remainder when 466105 is divided by 57?
16
Calculate the remainder when 537579 is divided by 134393.
7
What is the remainder when 5142108 is divided by 79?
77
Calculate the remainder when 3323 is divided by 415.
3
What is the remainder when 7314 is divided by 7222?
92
What is the remainder when 1902262 is divided by 87?
7
Calculate the remainder when 57973 is divided by 753.
745
What is the remainder when 152138 is divided by 16?
10
What is the remainder when 3059980 is divided by 17?
14
What is the remainder when 501720 is divided by 167240?
0
Calculate the remainder when 76889 is divided by 14.
1
Calculate the remainder when 1643 is divided by 230.
33
Calculate the remainder when 524 is divided by 11.
7
What is the remainder when 11490 is divided by 2870?
10
What is the remainder when 41889 is divided by 238?
1
Calculate the remainder when 9029 is divided by 21.
20
Calculate the remainder when 755 is divided by 70.
55
What is the remainder when 420106 is divided by 71?
70
What is the remainder when 766 is divided by 31?
22
Calculate the remainder when 203263 is divided by 64.
63
What is the remainder when 155991 is divided by 68?
67
Calculate the remainder when 14424 is divided by 848.
8
Calculate the remainder when 13880 is divided by 1156.
8
What is the remainder when 3590817 is divided by 7?
6
What is the remainder when 48567 is divided by 10?
7
Cal